of 10 and 101330.
10
Calculate the highest common factor of 187539 and 66.
33
What is the highest common factor of 651 and 429009?
651
What is the greatest common divisor of 6490 and 770?
110
What is the greatest common factor of 1435658 and 28?
14
What is the greatest common divisor of 617563 and 1094?
547
What is the highest common factor of 774 and 2952?
18
What is the highest common divisor of 41004 and 71196?
204
Calculate the greatest common divisor of 35268 and 120.
12
Calculate the greatest common divisor of 32 and 95248.
16
What is the greatest common factor of 1051108 and 1504?
188
What is the highest common divisor of 180 and 1587096?
36
What is the greatest common factor of 10463789 and 119?
119
Calculate the greatest common factor of 70 and 74270.
70
What is the greatest common factor of 17980 and 2030?
290
What is the highest common factor of 249889 and 1132?
283
What is the greatest common divisor of 9708 and 15348?
12
What is the greatest common factor of 486 and 3338334?
486
What is the greatest common divisor of 42 and 46062?
6
What is the highest common divisor of 364947 and 33?
33
Calculate the greatest common factor of 36 and 28332.
36
What is the greatest common divisor of 88 and 89728?
8
Calculate the greatest common divisor of 9584 and 129983.
599
What is the greatest common factor of 2565666 and 90?
18
Calculate the highest common factor of 17215 and 935.
55
Calculate the highest common divisor of 9306 and 131694.
282
Calculate the highest common factor of 95264 and 61984.
416
What is the highest common factor of 42 and 61845?
21
What is the greatest common factor of 234384 and 144?
48
What is the highest common factor of 476 and 1232?
28
What is the greatest common divisor of 722 and 2755?
19
Calculate the greatest common factor of 6372 and 108.
108
Calculate the greatest common divisor of 783479 and 578.
289
What is the highest common factor of 1343 and 748?
17
What is the greatest common divisor of 606 and 1512374?
202
Calculate the highest common divisor of 482210 and 20.
10
Calculate the greatest common factor of 396 and 1604196.
396
What is the greatest common divisor of 1597268 and 772?
772
What is the highest common divisor of 345 and 16491?
69
What is the greatest common divisor of 711 and 1053?
9
What is the greatest common factor of 974351 and 1526?
763
Calculate the greatest common factor of 29438 and 2296.
82
What is the highest common factor of 261332 and 3476?
316
Calculate the greatest common factor of 1526 and 1081171.
763
What is the greatest common factor of 600 and 195800?
200
What is the highest common factor of 281046 and 930?
186
What is the greatest common factor of 2 and 38153?
1
What is the greatest common divisor of 29365 and 511?
7
What is the highest common factor of 1896 and 18096?
24
Calculate the greatest common factor of 99975 and 25.
25
What is the greatest common divisor of 10458 and 3906?
126
What is the greatest common divisor of 249067 and 161?
161
What is the highest common factor of 54 and 73323?
9
Calculate the greatest common factor of 234 and 5993.
13
What is the highest common factor of 35995 and 230?
115
What is the greatest common divisor of 946 and 506?
22
What is the greatest common factor of 551 and 152988?
19
Calculate the greatest common factor of 1248 and 2730.
78
Calculate the greatest common divisor of 61495 and 5355.
35
Calculate the greatest common factor of 256 and 859904.
256
What is the greatest common factor of 778 and 1774618?
778
What is the highest common factor of 4266 and 153?
9
What is the greatest common factor of 9085 and 45820?
395
Calculate the greatest common divisor of 748 and 161194.
374
Calculate the greatest common divisor of 26392 and 20.
4
What is the greatest common divisor of 2242 and 4883?
19
Calculate the greatest common divisor of 5002 and 287.
41
Calculate the highest common divisor of 364476 and 228.
12
What is the greatest common divisor of 42828 and 4316?
332
Calculate the greatest common divisor of 1528 and 9174876.
764
Calculate the highest common divisor of 72 and 129144.
24
Calculate the highest common factor of 11304 and 56.
8
What is the greatest common divisor of 984 and 106026?
246
What is the highest common divisor of 238 and 3920?
14
What is the highest common factor of 65 and 63245?
65
What is the highest common divisor of 20059 and 2561?
13
What is the highest common divisor of 255 and 18309?
51
What is the greatest common divisor of 74 and 886705?
37
What is the greatest common factor of 3702 and 42?
6
What is the greatest common divisor of 68 and 19805?
17
Calculate the greatest common factor of 4 and 7988.
4
What is the greatest common factor of 513855 and 15?
15
What is the highest common divisor of 465215 and 10089?
1121
What is the highest common factor of 2754 and 36?
18
Calculate the greatest common divisor of 327483 and 5.
1
What is the greatest common divisor of 810 and 2535?
15
What is the greatest common factor of 2015 and 200395?
65
Calculate the highest common factor of 303 and 404.
101
What is the highest common divisor of 4875 and 4615?
65
What is the greatest common factor of 11242 and 924?
154
Calculate the greatest common factor of 1827288 and 12.
12
What is the highest common factor of 13222 and 154?
22
Calculate the highest common divisor of 13161 and 2665.
41
What is the highest common divisor of 1219180 and 40?
20
Calculate the highest common divisor of 1020 and 2380.
340
What is the highest common factor of 2296 and 41000?
328
What is the greatest common divisor of 667 and 14479903?
667
Calculate the greatest common factor of 4 and 11348.
4
What is the highest common divisor of 7475 and 831220?
1495
What is the greatest common factor of 21 and 21516?
3
Calculate the greatest common factor of 4437349 and 3423.
1141
What is the greatest common divisor of 9156 and 777?
21
Calculate the greatest common divisor of 5957 and 23506.
161
Calculate the greatest common factor of 930990 and 45.
15
What is the greatest common factor of 390 and 184730?
130
Calculate the greatest common divisor of 346107 and 129.
129
What is the greatest common factor of 66671 and 319?
319
What is the greatest common factor of 3515 and 3705?
95
Calculate the greatest common factor of 4209 and 549.
183
Calculate the greatest common divisor of 472 and 326978.
118
What is the highest common divisor of 112 and 37156?
28
Calculate the greatest common divisor of 2024 and 1840.
184
Calculate the highest common factor of 1578 and 18940734.
1578
Calculate the highest common divisor of 97160 and 210.
70
Calculate the greatest common divisor of 44 and 453827.
11
Calculate the highest common factor of 80 and 939184.
16
Calculate the greatest common divisor of 46575 and 2825.
25
What is the highest common factor of 3424 and 3317?
107
What is the highest common divisor of 51093 and 13482?
63
Calculate the highest common factor of 164103 and 342.
57
What is the highest common divisor of 18 and 15597?
9
Calculate the highest common factor of 28 and 2748.
4
Calculate the highest common factor of 35 and 1321145.
35
What is the greatest common divisor of 57095 and 627?
19
Calculate the highest common divisor of 12 and 2524692.
12
Calculate the greatest common divisor of 170884 and 644.
28
What is the highest common factor of 425 and 3325?
25
What is the greatest common factor of 83950 and 438?
146
Calculate the highest common factor of 44 and 91828.
44
What is the greatest common factor of 2316 and 1452?
12
What is the highest common factor of 15168 and 204?
12
What is the greatest common factor of 5242598 and 158?
158
Calculate the greatest common factor of 3640 and 3584.
56
Calculate the greatest common divisor of 26 and 1818791.
13
What is the highest common divisor of 1455 and 518271?
291
Calculate the greatest common divisor of 52878 and 168.
42
Calculate the greatest common factor of 27 and 1017.
9
What is the greatest common divisor of 259 and 60347?
259
Calculate the greatest common divisor of 414 and 154974.
138
Calculate the greatest common factor of 41 and 4961.
41
What is the greatest common divisor of 99 and 136719?
99
What is the greatest common divisor of 1899937 and 221?
221
Calculate the highest common factor of 10066 and 434.
